{"id":17,"date":"2023-09-16T18:57:51","date_gmt":"2023-09-16T16:57:51","guid":{"rendered":"http:\/\/babpyzl.cluster028.hosting.ovh.net\/?page_id=17"},"modified":"2025-03-02T18:32:55","modified_gmt":"2025-03-02T17:32:55","slug":"entretien","status":"publish","type":"page","link":"https:\/\/olivergollin.com\/index.php\/de\/entretien\/","title":{"rendered":"Instrumentenwartung &amp; Pflege"},"content":{"rendered":"\n<p>Um ein H\u00f6chstmass an Langlebigkeit Ihres Instrumentes zu gew\u00e4hrleisten, ist es n\u00f6tig dieses in regelm\u00e4ssigen Abst\u00e4nden zu warten um eventuellen nat\u00fcrlichen Gebrauchsspuren so effizient wie nur m\u00f6glich entgegenzuwirken. Eine Vielzahl von Spuren des t\u00e4glichen Gebrauchs sind ebenfalls Faktoren, welche die Klangqualit\u00e4t Ihres Instrumentes kurz- oder l\u00e4ngerfristig mindern und sch\u00e4digen k\u00f6nnen, deshalb biete ich in meiner Werkstatt eine umfassende Revision und Kontrolle Ihres geliebten Musikinstrumentes an.<\/p>\n","protected":false},"excerpt":{"rendered":"<p>Um ein H\u00f6chstmass an Langlebigkeit Ihres Instrumentes zu gew\u00e4hrleisten, ist es n\u00f6tig dieses in regelm\u00e4ssigen Abst\u00e4nden zu warten um eventuellen nat\u00fcrlichen Gebrauchsspuren so effizient wie nur m\u00f6glich entgegenzuwirken. Eine Vielzahl von Spuren des t\u00e4glichen Gebrauchs sind ebenfalls Faktoren, welche die Klangqualit\u00e4t Ihres Instrumentes kurz- oder l\u00e4ngerfristig mindern und sch\u00e4digen k\u00f6nnen, deshalb biete ich in meiner &hellip; <\/p>\n<p class=\"link-more\"><a href=\"https:\/\/olivergollin.com\/index.php\/de\/entretien\/\" class=\"more-link\">Continuer la lecture<span class=\"screen-reader-text\"> de &laquo;&nbsp;Instrumentenwartung &amp; Pflege&nbsp;&raquo;<\/span><\/a><\/p>\n","protected":false},"author":1,"featured_media":0,"parent":0,"menu_order":0,"comment_status":"closed","ping_status":"closed","template":"","meta":{"footnotes":""},"class_list":["post-17","page","type-page","status-publish","hentry"],"_links":{"self":[{"href":"https:\/\/olivergollin.com\/index.php\/wp-json\/wp\/v2\/pages\/17","targetHints":{"allow":["GET"]}}],"collection":[{"href":"https:\/\/olivergollin.com\/index.php\/wp-json\/wp\/v2\/pages"}],"about":[{"href":"https:\/\/olivergollin.com\/index.php\/wp-json\/wp\/v2\/types\/page"}],"author":[{"embeddable":true,"href":"https:\/\/olivergollin.com\/index.php\/wp-json\/wp\/v2\/users\/1"}],"replies":[{"embeddable":true,"href":"https:\/\/olivergollin.com\/index.php\/wp-json\/wp\/v2\/comments?post=17"}],"version-history":[{"count":4,"href":"https:\/\/olivergollin.com\/index.php\/wp-json\/wp\/v2\/pages\/17\/revisions"}],"predecessor-version":[{"id":224,"href":"https:\/\/olivergollin.com\/index.php\/wp-json\/wp\/v2\/pages\/17\/revisions\/224"}],"wp:attachment":[{"href":"https:\/\/olivergollin.com\/index.php\/wp-json\/wp\/v2\/media?parent=17"}],"curies":[{"name":"wp","href":"https:\/\/api.w.org\/{rel}","templated":true}]}}